{"id":973,"date":"2021-09-08T10:26:22","date_gmt":"2021-09-08T10:26:22","guid":{"rendered":"https:\/\/esim.edu.ar\/web\/?page_id=973"},"modified":"2021-09-13T20:42:11","modified_gmt":"2021-09-13T20:42:11","slug":"politica-de-transformacion-de-la-escuela-secundaria-misionera","status":"publish","type":"page","link":"https:\/\/esim.edu.ar\/web\/politica-de-transformacion-de-la-escuela-secundaria-misionera\/","title":{"rendered":"Pol\u00edtica de Transformaci\u00f3n de la Escuela Secundaria Misionera"},"content":{"rendered":"<h4>Esta Pol\u00edtica se desarrolla en la Alianza estrat\u00e9gica del Gobierno Provincial, a trav\u00e9s del Ministerio de Educaci\u00f3n y Consejo General de Educaci\u00f3n, junto con el CIPPEC y la Fundaci\u00f3n Natura.<\/h4>\r\n<h4>El modelo que propone la Transformaci\u00f3n de la Secundaria Misionera se basa en el Modelo Pedag\u00f3gico de la Escuela Secundaria de Innovaci\u00f3n de Misiones y desde el a\u00f1o 2021 se comenz\u00f3 a replicar en 50 instituciones pioneras de gesti\u00f3n P\u00fablica y Privada, a lo largo y ancho de toda la Provincia, para luego escalar hasta abarcar a todas las instituciones para el 2023. Esta l\u00ednea de acci\u00f3n del gobierno educativo provincial, surge con una fuerte impronta de que la nueva secundaria favorezca el desarrollo de los proyectos de vida de cada estudiante, con autonom\u00eda, compromiso social y una formaci\u00f3n que les permita desempe\u00f1arse como personas conscientes de sus derechos y obligaciones, plurales, cooperativas, solidarias, respetuosas de los derechos humanos y en rechazo a todo tipo de discriminaci\u00f3n.<\/h4>\r\n&nbsp;\r\n\r\n<center>\n    <section class=\"video-section\">\n\n        <div class=\"auto-container\">\n\n            <!-- Sec Title -->\n\n            <div class=\"sec-title centered\">\n\n                <div class=\"title\">Para ver m\u00e1s<\/div>\n\n                <h2>\u00bfQu\u00e9 es la escuela de <span>innovaci\u00f3n?<\/span><\/h2>\n\n            <\/div>\n\n            \n\n            <!--Video Box-->\n\n            <div class=\"video-box\">\n\n                <div class=\"title\">Nosotros<\/div>\n\n                <a href=\"https:\/\/www.youtube.com\/watch?v=DBp78wu5ynk\" class=\"lightbox-image overlay-box\"><span class=\"flaticon-play-button\"><i class=\"ripple\"><\/i><\/span><\/a>\n\n                <div class=\"side-image\">\n\n                    <img src=\"https:\/\/esim.edu.ar\/web\/wp-content\/uploads\/2019\/02\/side-img.png\" alt=\"\">\n\n                <\/div>\n\n            <\/div>\n\n            \n\n        <\/div>\n\n    <\/section>\n\n\r\n\r\n&nbsp;\r\n\r\n&nbsp;\r\n\r\n<\/center>","protected":false},"excerpt":{"rendered":"<p>Esta Pol\u00edtica se desarrolla en la Alianza estrat\u00e9gica del Gobierno Provincial, a trav\u00e9s del Ministerio de Educaci\u00f3n y Consejo General de Educaci\u00f3n, junto con el CIPPEC y la Fundaci\u00f3n Natura. El modelo que propone la Transformaci\u00f3n de la Secundaria Misionera se basa en el Modelo Pedag\u00f3gico de la Escuela Secundaria de Innovaci\u00f3n de Misiones y [&hellip;]<\/p>\n","protected":false},"author":2,"featured_media":0,"parent":0,"menu_order":0,"comment_status":"closed","ping_status":"closed","template":"","meta":[],"_links":{"self":[{"href":"https:\/\/esim.edu.ar\/web\/wp-json\/wp\/v2\/pages\/973"}],"collection":[{"href":"https:\/\/esim.edu.ar\/web\/wp-json\/wp\/v2\/pages"}],"about":[{"href":"https:\/\/esim.edu.ar\/web\/wp-json\/wp\/v2\/types\/page"}],"author":[{"embeddable":true,"href":"https:\/\/esim.edu.ar\/web\/wp-json\/wp\/v2\/users\/2"}],"replies":[{"embeddable":true,"href":"https:\/\/esim.edu.ar\/web\/wp-json\/wp\/v2\/comments?post=973"}],"version-history":[{"count":5,"href":"https:\/\/esim.edu.ar\/web\/wp-json\/wp\/v2\/pages\/973\/revisions"}],"predecessor-version":[{"id":1060,"href":"https:\/\/esim.edu.ar\/web\/wp-json\/wp\/v2\/pages\/973\/revisions\/1060"}],"wp:attachment":[{"href":"https:\/\/esim.edu.ar\/web\/wp-json\/wp\/v2\/media?parent=973"}],"curies":[{"name":"wp","href":"https:\/\/api.w.org\/{rel}","templated":true}]}}

Política de Transformación de la Escuela Secundaria Misionera

<h4>Esta Política se desarrolla en la Alianza estratégica del Gobierno Provincial, a través del Ministerio de Educación y Consejo General de Educación, junto con el CIPPEC y la Fundación Natura.</h4>
<h4>El modelo que propone la Transformación de la Secundaria Misionera se basa en el Modelo Pedagógico de la Escuela Secundaria de Innovación de Misiones y desde el año 2021 se comenzó a replicar en 50 instituciones pioneras de gestión Pública y Privada, a lo largo y ancho de toda la Provincia, para luego escalar hasta abarcar a todas las instituciones para el 2023. Esta línea de acción del gobierno educativo provincial, surge con una fuerte impronta de que la nueva secundaria favorezca el desarrollo de los proyectos de vida de cada estudiante, con autonomía, compromiso social y una formación que les permita desempeñarse como personas conscientes de sus derechos y obligaciones, plurales, cooperativas, solidarias, respetuosas de los derechos humanos y en rechazo a todo tipo de discriminación.</h4>
&nbsp;

<center>
    <section class="video-section">

        <div class="auto-container">

            <!-- Sec Title -->

            <div class="sec-title centered">

                <div class="title">Para ver más</div>

                <h2>¿Qué es la escuela de <span>innovación?</span></h2>

            </div>

            

            <!--Video Box-->

            <div class="video-box">

                <div class="title">Nosotros</div>

                <a href="https://www.youtube.com/watch?v=DBp78wu5ynk" class="lightbox-image overlay-box"><span class="flaticon-play-button"><i class="ripple"></i></span></a>

                <div class="side-image">

                    <img src="https://esim.edu.ar/web/wp-content/uploads/2019/02/side-img.png" alt="">

                </div>

            </div>

            

        </div>

    </section>



&nbsp;

&nbsp;

</center>

<p>Esta Política se desarrolla en la Alianza estratégica del Gobierno Provincial, a través del Ministerio de Educación y Consejo General de Educación, junto con el CIPPEC y la Fundación Natura. El modelo que propone la Transformación de la Secundaria Misionera se basa en el Modelo Pedagógico de la Escuela Secundaria de Innovación de Misiones y [&hellip;]</p>
